sor of 22 and g.
22
Let n be -88 + (-6 - (-3 + -4 - -3)). Let c be ((-64)/6 - 0)*n/8. What is the greatest common factor of c and 48?
24
Let n(v) = -3 + 2 + 6 - v**3 + 8*v**2 + 1. Let j be n(6). Suppose -3*p + 405 + j = 0. What is the highest common divisor of p and 23?
23
Let y(q) be the third derivative of -q**4/4 - q**3/2 - 3*q**2. Let p be 3 + -1 - 16/4. Let h be y(p). Calculate the greatest common divisor of h and 81.
9
Let m = -557 + 1103. Calculate the highest common factor of 390 and m.
78
Let u be 5*(-1 - -2)/1. Suppose u*x + k = 57, -2*x + 0*k + 24 = k. What is the greatest common divisor of 22 and x?
11
Let v = -232 + 386. What is the highest common factor of v and 44?
22
Suppose -2*p - 21 = -5*f, -8 + 2 = f + 3*p. Calculate the highest common factor of f and 3.
3
Let h be 0/(0 - -2) + -34 + 78. What is the greatest common factor of 484 and h?
44
Suppose -b = 2*b - 66. Suppose 4*v - b = 14. Let k(t) = 3*t**2 + t + 1. Let h be k(5). What is the greatest common factor of v and h?
9
Suppose -25*p + 1690 = -15*p. Calculate the highest common factor of p and 39.
13
Let h = -5 - -34. Suppose 0*o + 55 = 5*o. Let z = h + o. What is the greatest common divisor of z and 100?
20
Suppose 5*p + 655 = 5*i, 3*i - p - 397 = -0*p. Let k = -76 + i. Suppose 0 = f - 63 - k. Calculate the greatest common factor of f and 24.
24
Let w be -1*(4 - (42 + 1)). Suppose 0 = 17*t + 9*t - 78. Calculate the greatest common factor of t and w.
3
Suppose -5*l + 3*l = -4*x + 14, 4*l = 3*x - 3. Suppose 4*f = x*f - 6. Calculate the greatest common divisor of f and 6.
6
Let r(x) = x**2 + 1. Let c(d) = -6*d**2 - 4. Let z = 3 + -4. Let m(q) = z*c(q) - r(q). Let s be m(5). What is the greatest common factor of s and 16?
16
Let t(q) = -12*q. Let p be ((-10)/15)/((-1)/(-9)). Let i be t(p). What is the highest common divisor of 24 and i?
24
Let z be (7/(-14))/((8/2)/(-232)). Suppose 5*n + 299 = m, -2*n + 566 = 4*m - 718. Calculate the greatest common factor of m and z.
29
Suppose 0 = 2*c + 5*l - 147, -2*c - 168 = -4*c + 2*l. Let n = 46 - 37. What is the greatest common divisor of c and n?
9
Let f be 12 - (-3)/3*(-1 + 0). Let k = -29 - -257. Let n = k - 107. What is the greatest common factor of f and n?
11
Let h(r) = 6*r**2 + 7*r + 2. Let y be h(-5). Let n = -53 + y. Let u be (-978)/(-123) + (-28)/(-574). What is the highest common factor of n and u?
8
Suppose -60 = -0*r - r. Let o = 54 + -22. Let j = 72 - o. What is the greatest common divisor of r and j?
20
Let f(o) = o**2 + 7*o + 20. Let d be f(6). What is the highest common factor of 28 and d?
14
Let x = -284 + 349. Calculate the greatest common divisor of 104 and x.
13
Let t(a) = 3*a**3 - 9*a**2 - 12*a + 8. Let n be t(5). What is the greatest common divisor of 588 and n?
98
Let d(m) = -29*m**3 + 3*m + 4. Let s be d(-1). Suppose 4*i - 88 = -2*k, -k - 108 = -5*i - 3*k. Calculate the highest common factor of s and i.
10
Suppose 3*f - 24 = 2*f. Let g be (-16)/(11 + 4380/(-396)). Calculate the greatest common divisor of f and g.
24
Let z be 6/(-4) + (6 - 594/(-36)). Calculate the highest common factor of z and 2541.
21
Let a(h) = 4*h**2 - 3. Let l be a(2). Suppose l + 5 = 2*b. What is the greatest common divisor of 3 and b?
3
Suppose 3*r = 5*f - 43 - 42, -2*f + 50 = 2*r. Suppose -3*s + 11 - 2 = 0. Suppose 5*u = s*u + 16. Calculate the greatest common factor of u and f.
4
Suppose 18 + 12 = -3*l + 3*s, 54 = -5*l + 4*s. Let h = l + 20. Calculate the highest common divisor of h and 9.
3
Let b be (-47)/(-9) - 4/18. Suppose 0 = b*r - 237 - 658. Suppose 0 = -4*k + 41 + r. Calculate the greatest common factor of k and 11.
11
Let m = 61 + -58. Suppose p = d + 264, m*p + 2*d - 3*d - 782 = 0. What is the greatest common factor of p and 37?
37
Suppose 15*s = 524 + 796. What is the greatest common factor of 16 and s?
8
Let r(a) = a**3 - 9*a**2 + 13*a - 4. Let x(b) = b**2 - b + 1. Let i(g) = -r(g) + x(g). Let s be i(8). What is the highest common factor of 21 and s?
21
Let r(m) = m + 59. Let l be r(-14). What is the greatest common divisor of l and 60?
15
Let a = -3 + 7. Suppose 14 = a*g - 6. Suppose 1473 + 2847 = -5*o + 221*o. Calculate the highest common divisor of o and g.
5
Suppose 3*t + 2*t = -30. Let p be (50/t + 3)*(-15)/10. Calculate the highest common factor of p and 56.
8
Let t = -1656 - -1696. Calculate the greatest common divisor of 190 and t.
10
Suppose -3*q + 3627 = 6*q. Calculate the greatest common factor of 26 and q.
13
Suppose -15*q - 144 = -18*q. Let r = q - 28. Let m be ((-12)/(-24))/(2/r). What is the greatest common factor of m and 1?
1
Suppose 0 = -0*p - 5*p. Let c = 8 + p. Calculate the greatest common factor of 12 and c.
4
Let a = -190 - -547. Calculate the highest common factor of a and 63.
21
Let c(p) = 10*p - 88. Let d be c(16). What is the highest common divisor of d and 192?
24
Let i = 2462 - 2454. Let s(h) = 11*h**2 - 5*h + 4. Let t be s(3). Calculate the greatest common factor of i and t.
8
Let a(k) = 9 + 10 + k + 4 - 3. Let l be a(-11). Suppose -25 = -5*g + 4*i, 2*i - 43 = -4*g + 3. What is the highest common factor of l and g?
9
Let w = 345 - 246. Suppose 3*t = -0*t + w. Suppose 3*z + 28 = 2*g, 0 = -4*g + g + z + 35. Calculate the greatest common factor of g and t.
11
Let p = -2024 - -2120. Calculate the highest common divisor of p and 96.
96
Let s be (-6 - 74)*6/(-8). Calculate the greatest common factor of s and 15.
15
Let c = 1737 - 1661. What is the greatest common divisor of 8 and c?
4
Let k(w) = 26*w**2 + 54*w + 31. Let g be k(-7). What is the greatest common divisor of g and 18?
9
Let m = -100 - -140. Suppose -5*g + 66 = 2*o - 139, -o + 5*g = -95. Calculate the highest common divisor of o and m.
20
Suppose 3*m = 2 - 8. Let j be (-187)/(-17) + 8/m. Suppose 2*k + 126 = 4*k. Calculate the greatest common divisor of k and j.
7
Let k(v) = -19*v - 53. Let t be k(-17). Calculate the greatest common divisor of t and 162.
54
Let f = 3994 - 3587. Let t be 2/(6/37)*3. Calculate the highest common factor of t and f.
37
Let d(c) = 3*c. Let l be d(1). Suppose 350 = 2*g + l*g. Calculate the highest common divisor of g and 28.
14
Suppose 2*k - 2*q + 0 = 8, 0 = 4*k - 2*q - 24. Let j(b) = -b + 4. Let s be j(-4). Let r be 1/(-4) + 258/s. What is the greatest common factor of k and r?
8
Let x = -14 + 13. Let w(g) = -92*g**3 + g. Let h be w(x). Suppose -3*n = -y - 2, 16 = -4*y + 3*n + 53. What is the highest common factor of h and y?
13
Let q(t) = -205*t**3 + 1. Let d be q(-1). Suppose -3*z - 292 = d. Let x = 355 + z. Calculate the highest common factor of x and 27.
27
Suppose -11*r + 8*r + 9 = 0. Suppose -7 = -u + r. Suppose 0 = 5*b, 2*d - 7 = -b + 1. Calculate the greatest common divisor of u and d.
2
Let d(s) = -103*s**3 + 1. Let r be 2/6*(2 - 5). Let a be d(r). What is the greatest common divisor of a and 13?
13
Suppose 5*k - 10 = l + 13, -11 = -3*k + 2*l. Suppose -k*g + 2*a + 1106 = 0, -3*g - 352 = -5*a - 1027. What is the highest common factor of 20 and g?
20
Let q(c) = -1 + c - 6 + 3. Let f be q(9). What is the highest common factor of f and 25?
5
Let c be (2880/(-1296))/(4/(-306)). Calculate the greatest common factor of 136 and c.
34
Let t be 1/(-3) - 4448/(-24). Suppose -2*p + 101 + t = 0. Calculate the greatest common divisor of 13 and p.
13
Let i = 8 + -5. Suppose -q = -2*h, i*q = -3*h + 5 + 31. Let r be (-4)/(-16) - (7 - (-379)/(-4)). What is the highest common factor of q and r?
8
Let t be 9/(-15)*(-10)/3. Suppose -5*i - 17 = -6*i + 5*h, -4*h - 16 = -t*i. Suppose 11 - 3 = 4*s. What is the greatest common factor of s and i?
2
Let s(o) = -o**3 + o**2 - 18. Let u be s(0). Let f = u + 23. Suppose q + f = 41. Calculate the greatest common divisor of q and 12.
12
Let p = 32 - 18. What is the greatest common divisor of p and 8?
2
Let r be 2 - 3/((-3)/(-4)). Let v(o) = -9*o**3 - o**2 - o + 2. Let s be v(r). Calculate the greatest common divisor of 9 and s.
9
Let u(c) = -9*c**3 + c + 2. Let o be u(-1). Let v(n) = 5*n**2 - 18*n - 12. Let w be v(o). Calculate the highest common factor of 28 and w.
28
Let u(o) = -o - 16. Let w(c) = c**2 + 5*c - 3. Let n be w(-4). Let h be u(n). Let l = h - -23. What is the highest common divisor of l and 42?
14
Let g = -99 + 119. Let i(j) = -5*j - 5. Let c be i(-3). Let s(l) = 2*l